040304
In base 8, what is 1244 - -101?
1345
In base 9, what is 14 - 10523?
-10508
In base 15, what is 1 + 4599?
459a
In base 5, what is 23334234 - 11?
23334223
In base 13, what is 19 + 1413?
142c
In base 4, what is -10 + -330102333?
-330103003
In base 4, what is -231231 + 0?
-231231
In base 8, what is -4306 - 66?
-4374
In base 14, what is 22 + 1593?
15b5
In base 7, what is -33464364 + -4?
-33464401
In base 3, what is -121 + 2002100202?
2002100011
In base 10, what is 2011 - 32?
1979
In base 4, what is -111022000 + 1?
-111021333
In base 3, what is 2001122120 - 22?
2001122021
In base 3, what is -2022 + -221111?
-1000210
In base 13, what is 5 - 468?
-463
In base 10, what is -53 + 2517?
2464
In base 4, what is 2211 + 22100?
30311
In base 9, what is 2467 + 50?
2527
In base 10, what is -38 - -737?
699
In base 13, what is 5 + -c7b?
-c76
In base 9, what is -22 + 10728?
10706
In base 4, what is -111313 + 222?
-111031
In base 16, what is 2c2 - -81f?
ae1
In base 10, what is 1758 + -215?
1543
In base 7, what is 3423566 - 5?
3423561
In base 13, what is -36 - -1255?
121c
In base 15, what is -6 + -2542c?
-25433
In base 10, what is 2 + 21233?
21235
In base 12, what is -49 - 37149?
-37196
In base 15, what is e15a8b - 1?
e15a8a
In base 13, what is 10 - -15567?
15577
In base 6, what is -4 + 11453312?
11453304
In base 4, what is 2022121 + 1?
2022122
In base 9, what is -1770812 - 5?
-1770817
In base 7, what is 1345 - -102?
1450
In base 3, what is -11220 - -10100200?
10011210
In base 9, what is -43 + -61871?
-62024
In base 5, what is -4 + 11404241?
11404232
In base 6, what is -3135 - -353?
-2342
In base 11, what is 63 - 17594?
-17531
In base 7, what is 124433 + 1?
124434
In base 15, what is -1285 - a?
-1290
In base 3, what is 2220101110 + 20?
2220101200
In base 7, what is -60215 + -3?
-60221
In base 10, what is -10028 + 3?
-10025
In base 8, what is 212 + 1140?
1352
In base 5, what is -10 - 141023244?
-141023304
In base 12, what is -9 - 239?
-246
In base 3, what is -12 - -22200202112?
22200202100
In base 6, what is -23 + -24003?
-24030
In base 6, what is -2204 - 1?
-2205
In base 5, what is 30 - 2202213?
-2202133
In base 9, what is 27476 - 8?
27467
In base 13, what is -a6 + -6a8?
-781
In base 11, what is -4 - -64665?
64661
In base 15, what is -3 + 2a7ad?
2a7aa
In base 3, what is -1112 - 120211012?
-120212201
In base 10, what is 2 - -95533?
95535
In base 11, what is -2 - 1400?
-1402
In base 3, what is -1102221 - 20212?
-1200210
In base 9, what is 314888 + 5?
315004
In base 6, what is 414 - 115?
255
In base 12, what is 12 + 1734?
1746
In base 4, what is -2130032 + 23?
-2130003
In base 2, what is 11010001 + -110000?
10100001
In base 12, what is -28 - 7584?
-75b0
In base 9, what is 18377 - 0?
18377
In base 4, what is -1203222 - 10130?
-1220012
In base 12, what is -536 - 37b2?
-4128
In base 10, what is -1096 + 35?
-1061
In base 3, what is -10021022122 - -20?
-10021022102
In base 11, what is -574 + 73?
-501
In base 10, what is 69 + 110?
179
In base 3, what is -1 + -1010211122111?
-1010211122112
In base 6, what is 222 - 104?
114
In base 4, what is -2 + -1032033303?
-1032033311
In base 4, what is -303202 - 321?
-310123
In base 11, what is -1211 + 207?
-1005
In base 9, what is -122 - 15235?
-15357
In base 10, what is 22 + 112891?
112913
In base 2, what is 1100011111000 - -110011001?
1101010010001
In base 2, what is -10000 - -11011101?
11001101
In base 9, what is 2 + -14833?
-14831
In base 4, what is -23002 + 1223?
-21113
In base 14, what is -220bc - 1?
-220bd
In base 3, what is 10001221200 - 111?
10001221012
In base 12, what is -2b + -129a?
-1309
In base 8, what is 411 - -24575?
25206
In base 11, what is 5 + 61a91?
61a96
In base 15, what is -7 - 86b6?
-86bd
In base 14, what is -6c + b92?
b24
In base 4, what is 3302200 + 2000?
3310200
In base 5, what is 32333140 + 2?
32333142
In base 7, what is -634 + -304?
-1241
In base 9, what is -3017 - -44?
-2863
In base 15, what is 685 + -4a?
63a
In base 5, what is -41423 + -221?
-42144
In base 10, what is 87 - -3911?
3998
In base 5, what is 20204200 + -34?
20204111
In base 3, what is -110 - -12212120?
12212010
In base 14, what is -440 - -a3?
-37b
In base 11, what is 3 + 46a46?
46a49
In base 4, what is 10102021 + 0?
10102021
In base 9, what is -25558 + -3?
-25562
In base 14, what is -a7 + -88?
-151
In base 11, what is 625 - -93?
708
In base 14, what is 4 - 6b90?
-6b8a
In base 6, what is 21504012 - 4?
21504004
In base 10, what is 234 - -76?
310
In base 14, what is -caa + -1?
-cab
In base 16, what is 12d94 - -1?
12d95
In base 14, what is -43710 - -2?
-4370c
In base 2, what is 10001110 + 1100110011?
1111000001
In base 5, what is -330300410 + -3?
-330300413
In base 16, what is 6 + -16cd?
-16c7
In base 3, what is 10122 + -1210101?
-1122202
In base 14, what is -4662 + 1?
-4661
In base 14, what is 9b - d40?
-c83
In base 11, what is 11784 + 3?
11787
In base 14, what is 71 - -698?
729
In base 9, what is -5 + -44864?
-44870
In base 5, what is -12400 - -10340?
-2010
In base 11, what is 24 - a?
15
In base 11, what is -9612 - 45?
-9657
In base 5, what is 4 - -412103?
412112
In base 16, what is 37 + 4e2?
519
In base 10, what is 2 + 63388?
63390
In base 4, what is -11 - -223332030?
223332013
In base 7, what is -4 + -263354?
-263361
In base 14, what is -1216d6 - -3?
-1216d3
In base 2, what is 100110100 + 110001000?
1010111100
In base 2, what is 101100110100 + -1?
101100110011
In base 12, what is a13b5 + 0?
a13b5
In base 16, what is -5bdfe - 0?
-5bdfe
In base 15, what is 8 - 1e45?
-1e3c
In base 8, what is -12254 + 13?
-12241
In base 14, what is -ab96 + 27?
-ab6d
In base 2, what is 10000100 - 1111011100?
-1101011000
In base 13, what is 18869 + -6?
18863
In base 12, what is -2795 + -54?
-2829
In base 9, what is -1 + -4366?
-4367
In base 2, what is -101100111010 - -1000110010?
-100100001000
In base 7, what is 226 + 450?
1006
In base 3, what is -2102100 - 1001110?
-10110210
In base 16, what is -21dc3 + 0?
-21dc3
In base 8, what is -3611 + -14?
-3625
In base 4, what is 20003 + -323?
13020
In base 5, what is 31113 - 11123?
14440
In base 8, what is 0 - -50425?
50425
In base 6, what is 13500 - 1230?
12230
In base 2, what is 0 - 1011111001101100101?
-1011111001101100101
In base 12, what is -1 - -2a00?
29bb
In base 7, what is 235023 + -20?
235003
In base 7, what is 1224 + 30?
1254
In base 10, what is 2172 + 308?
2480
In base 13, what is 3c - -11?
50
In base 3, what is 112112 + 220121?
1110010
In base 10, what is -8855 - 7?
-8862
In base 14, what is 172b - 8?
1723
In base 3, what is 210202002 + -10020?
210121212
In base 5, what is -13 + 223404?
223341
In base 4, what is 2102231 + 1?
2102232
In base 4, what is 2 - 1330213?
-1330211
In base 14, what is 294 + -608?
-354
In base 2, what is 111101100010 - 1000101?
111100011101
In base 11, what is 5 - 265?
-260
In base 7, what is -16 + -1404?
-1423
In base 2, what is -11101001001010010 - -101?
-11101001001001101
In base 11, what is 179a + -176?
1624
In base 11, what is -1897620 + 3?
-1897618
In base 11, what is 2 - 92193?
-92191
In base 14, what is 47b + -1?
47a
In base 8, what is -260 - 7624?
-10104
In base 5, what is -2 + 243030?
243023
In base 10, what is -20 - 640?
-660
In base 16, what is 3 + -ccb4?
-ccb1
In base 8, what is 0 + 547357?
547357
In base 6, what is 24440 + -25?
24411
In base 7, what is 0 + 34134?
34134
In base 3, what is -10 + 222120211?
222120201
In base 12, what is 12a + -3a0?
-272
In base 5, what is -114120 - 1114?
-120234
In base 2, what is -1011100010010100 + -101?
-1011100010011001
In base 8, what is 107 + 143?
252
In base 6, what is -132014 + -4?
-132022
In base 2, what is 11 - -111001101101?
111001110000
In base 10, what is 2385 - 3?
2382
In base 16, what is 1 + -a082?
-a081
In base 8, what is -40615 + 4?
-40611
In base 3, what is 11 + -221012012?
-221012001
In base 7, what is 12016 - 406?
11310
In base 2, what is -101111001000011010101 + -11?
-101111001000011011000
In base 8, what is -24641 + -17?
-24660
In base 15, what is -11c27 - -3?
-11c24
In base 11, what is -1599 - -612?
-a87
In base 11, what is -5 + 52018?
52013
In base 9, what is 4 + 1406288?
1406303
In base 14, what is cb - -1db2?
209d
In base 9, what is -737623 + 2?
-737621
In base 14, what is -3 + -719d?
-71a2
In base 2, what is 1